{"id":2077,"date":"2023-11-09T14:07:55","date_gmt":"2023-11-09T13:07:55","guid":{"rendered":"https:\/\/namida-art.com\/?page_id=2077"},"modified":"2023-11-09T14:14:38","modified_gmt":"2023-11-09T13:14:38","slug":"2077-2","status":"publish","type":"page","link":"https:\/\/namida-art.com\/?page_id=2077","title":{"rendered":"Saint-Valentin"},"content":{"rendered":"\n<p><img loading=\"lazy\" decoding=\"async\" height=\"16\" width=\"16\" src=\"https:\/\/static.xx.fbcdn.net\/images\/emoji.php\/v9\/t0\/1\/16\/1f5a4.png\" alt=\"\ud83d\udda4\"> jusqu\u2019\u00e0 ce que la mort nous s\u00e9pare <img loading=\"lazy\" decoding=\"async\" height=\"16\" width=\"16\" src=\"https:\/\/static.xx.fbcdn.net\/images\/emoji.php\/v9\/t0\/1\/16\/1f5a4.png\" alt=\"\ud83d\udda4\"><\/p>\n\n\n\n<p>A ne pas prendre \u00e0 la l\u00e9g\u00e8re<\/p>\n\n\n\n<p>Est-ce des philtre ou des poisons d\u2019amour? A manipuler avec soin\u2026 Quelque soit vos intentions, ces fioles laisseront sur votre c\u0153ur, peut-\u00eatre meurtrie et meurtrier, une douce ambiance t\u00e9n\u00e9breuse. On ignore sur quoi s&#8217;ouvrira cette porte de f\u00e9e&#8230;<\/p>\n\n\n<style type=\"text\/css\" scoped>.rbs_gallery_6a069c1b074e7Spinner{\r\n\t\t\t\tmargin: 50px auto;\r\n\t\t\t\twidth: 50px;\r\n\t\t\t\theight: 40px;\r\n\t\t\t\ttext-align: center;\r\n\t\t\t\tfont-size: 10px;\r\n\t\t\t}\r\n\t\t\t.rbs_gallery_6a069c1b074e7Spinner > div{\r\n\t\t\t  background-color: #333;\r\n\t\t\t  height: 100%;\r\n\t\t\t  width: 6px;\r\n\t\t\t  display: inline-block;\r\n\t\t\t  -webkit-animation: rbs_gallery_6a069c1b074e7-stretchdelay 1.2s infinite ease-in-out;\r\n\t\t\t  animation: rbs_gallery_6a069c1b074e7-stretchdelay 1.2s infinite ease-in-out;\r\n\t\t\t}\r\n\t\t\t.rbs_gallery_6a069c1b074e7Spinner .rbs_gallery_6a069c1b074e7Rect2 {\r\n\t\t\t  -webkit-animation-delay: -1.1s;\r\n\t\t\t  animation-delay: -1.1s;\r\n\t\t\t}\r\n\t\t\t.rbs_gallery_6a069c1b074e7Spinner .rbs_gallery_6a069c1b074e7Rect3 {\r\n\t\t\t  -webkit-animation-delay: -1.0s;\r\n\t\t\t  animation-delay: -1.0s;\r\n\t\t\t}\r\n\t\t\t.rbs_gallery_6a069c1b074e7Spinner .rbs_gallery_6a069c1b074e7Rect4 {\r\n\t\t\t  -webkit-animation-delay: -0.9s;\r\n\t\t\t  animation-delay: -0.9s;\r\n\t\t\t}\r\n\t\t\t.rbs_gallery_6a069c1b074e7Spinner .rbs_gallery_6a069c1b074e7Rect5 {\r\n\t\t\t  -webkit-animation-delay: -0.8s;\r\n\t\t\t  animation-delay: -0.8s;\r\n\t\t\t}\r\n\t\t\t@-webkit-keyframes rbs_gallery_6a069c1b074e7-stretchdelay {\r\n\t\t\t  0%, 40%, 100% { -webkit-transform: scaleY(0.4) }  \r\n\t\t\t  20% { -webkit-transform: scaleY(1.0) }\r\n\t\t\t}\r\n\t\t\t@keyframes rbs_gallery_6a069c1b074e7-stretchdelay {\r\n\t\t\t  0%, 40%, 100% { \r\n\t\t\t    transform: scaleY(0.4);\r\n\t\t\t    -webkit-transform: scaleY(0.4);\r\n\t\t\t  }  20% { \r\n\t\t\t    transform: scaleY(1.0);\r\n\t\t\t    -webkit-transform: scaleY(1.0);\r\n\t\t\t  }\r\n\t\t\t}\r\n\t\t<\/style><div class=\"robo-gallery-wrap robo-gallery-wrap-id1952 robo-gallery-grid\" ><div id=\"rbs_gallery_6a069c1b074e7-block-loader\" class=\"rbs_gallery_6a069c1b074e7Spinner\"><div class=\"rbs_gallery_6a069c1b074e7Rect1\"><\/div> <div class=\"rbs_gallery_6a069c1b074e7Rect2\"><\/div> <div class=\"rbs_gallery_6a069c1b074e7Rect3\"><\/div> <div class=\"rbs_gallery_6a069c1b074e7Rect4\"><\/div> <div class=\"rbs_gallery_6a069c1b074e7Rect5\"><\/div><\/div><div id=\"robo_gallery_main_block_rbs_gallery_6a069c1b074e7\" class=\"robogallery-gallery-1952\" style=\"width:100%;  display: none;\"><div id=\"rbs_gallery_6a069c1b074e7\" data-options=\"rbs_gallery_6a069c1b074e7\" style=\"width:100%;\" class=\"robo_gallery  \"><div class=\"rbs-img  category1952 \" ><div class=\"rbs-img-image   rbs-lightbox \" ><div class=\"rbs-img-thumbs\"  data-thumbnail=\"https:\/\/namida-art.com\/wp-content\/uploads\/2023\/11\/LovePoison01.jpg\"  title=\"LovePoison01\"  data-width=\"500\"  data-height=\"625\" ><\/div><div class=\"rbs-img-data-popup\"  data-popup=\"https:\/\/namida-art.com\/wp-content\/uploads\/2023\/11\/LovePoison01.jpg\"  title=\"LovePoison01\" ><\/div><div class=\"thumbnail-overlay\"><div class=\"rbsTitle \">LovePoison01<\/div><div class=\"rbsIcons\"><i class=\"fa fa-search-plus rbsZoomIcon \" ><\/i><\/div><\/div><\/div><\/div><div class=\"rbs-img  category1952 \" ><div class=\"rbs-img-image   rbs-lightbox \" ><div class=\"rbs-img-thumbs\"  data-thumbnail=\"https:\/\/namida-art.com\/wp-content\/uploads\/2023\/11\/LovePoison02.jpg\"  title=\"LovePoison02\"  data-width=\"500\"  data-height=\"625\" ><\/div><div class=\"rbs-img-data-popup\"  data-popup=\"https:\/\/namida-art.com\/wp-content\/uploads\/2023\/11\/LovePoison02.jpg\"  title=\"LovePoison02\" ><\/div><div class=\"thumbnail-overlay\"><div class=\"rbsTitle \">LovePoison02<\/div><div class=\"rbsIcons\"><i class=\"fa fa-search-plus rbsZoomIcon \" ><\/i><\/div><\/div><\/div><\/div><div class=\"rbs-img  category1952 \" ><div class=\"rbs-img-image   rbs-lightbox \" ><div class=\"rbs-img-thumbs\"  data-thumbnail=\"https:\/\/namida-art.com\/wp-content\/uploads\/2023\/11\/LovePoison03.jpg\"  title=\"LovePoison03\"  data-width=\"500\"  data-height=\"625\" ><\/div><div class=\"rbs-img-data-popup\"  data-popup=\"https:\/\/namida-art.com\/wp-content\/uploads\/2023\/11\/LovePoison03.jpg\"  title=\"LovePoison03\" ><\/div><div class=\"thumbnail-overlay\"><div class=\"rbsTitle \">LovePoison03<\/div><div class=\"rbsIcons\"><i class=\"fa fa-search-plus rbsZoomIcon \" ><\/i><\/div><\/div><\/div><\/div><div class=\"rbs-img  category1952 \" ><div class=\"rbs-img-image   rbs-lightbox \" ><div class=\"rbs-img-thumbs\"  data-thumbnail=\"https:\/\/namida-art.com\/wp-content\/uploads\/2023\/11\/LovePoison04.jpg\"  title=\"LovePoison04\"  data-width=\"500\"  data-height=\"625\" ><\/div><div class=\"rbs-img-data-popup\"  data-popup=\"https:\/\/namida-art.com\/wp-content\/uploads\/2023\/11\/LovePoison04.jpg\"  title=\"LovePoison04\" ><\/div><div class=\"thumbnail-overlay\"><div class=\"rbsTitle \">LovePoison04<\/div><div class=\"rbsIcons\"><i class=\"fa fa-search-plus rbsZoomIcon \" ><\/i><\/div><\/div><\/div><\/div><div class=\"rbs-img  category1952 \" ><div class=\"rbs-img-image   rbs-lightbox \" ><div class=\"rbs-img-thumbs\"  data-thumbnail=\"https:\/\/namida-art.com\/wp-content\/uploads\/2023\/11\/LovePoison05.jpg\"  title=\"LovePoison05\"  data-width=\"500\"  data-height=\"625\" ><\/div><div class=\"rbs-img-data-popup\"  data-popup=\"https:\/\/namida-art.com\/wp-content\/uploads\/2023\/11\/LovePoison05.jpg\"  title=\"LovePoison05\" ><\/div><div class=\"thumbnail-overlay\"><div class=\"rbsTitle \">LovePoison05<\/div><div class=\"rbsIcons\"><i class=\"fa fa-search-plus rbsZoomIcon \" ><\/i><\/div><\/div><\/div><\/div><div class=\"rbs-img  category1952 \" ><div class=\"rbs-img-image   rbs-lightbox \" ><div class=\"rbs-img-thumbs\"  data-thumbnail=\"https:\/\/namida-art.com\/wp-content\/uploads\/2023\/11\/LovePoison06.jpg\"  title=\"LovePoison06\"  data-width=\"500\"  data-height=\"625\" ><\/div><div class=\"rbs-img-data-popup\"  data-popup=\"https:\/\/namida-art.com\/wp-content\/uploads\/2023\/11\/LovePoison06.jpg\"  title=\"LovePoison06\" ><\/div><div class=\"thumbnail-overlay\"><div class=\"rbsTitle \">LovePoison06<\/div><div class=\"rbsIcons\"><i class=\"fa fa-search-plus rbsZoomIcon \" ><\/i><\/div><\/div><\/div><\/div><div class=\"rbs-img  category1952 \" ><div class=\"rbs-img-image   rbs-lightbox \" ><div class=\"rbs-img-thumbs\"  data-thumbnail=\"https:\/\/namida-art.com\/wp-content\/uploads\/2023\/11\/LovePoison07.jpg\"  title=\"LovePoison07\"  data-width=\"500\"  data-height=\"625\" ><\/div><div class=\"rbs-img-data-popup\"  data-popup=\"https:\/\/namida-art.com\/wp-content\/uploads\/2023\/11\/LovePoison07.jpg\"  title=\"LovePoison07\" ><\/div><div class=\"thumbnail-overlay\"><div class=\"rbsTitle \">LovePoison07<\/div><div class=\"rbsIcons\"><i class=\"fa fa-search-plus rbsZoomIcon \" ><\/i><\/div><\/div><\/div><\/div><div class=\"rbs-img  category1952 \" ><div class=\"rbs-img-image   rbs-lightbox \" ><div class=\"rbs-img-thumbs\"  data-thumbnail=\"https:\/\/namida-art.com\/wp-content\/uploads\/2023\/11\/PorteCoeur01.jpg\"  title=\"Coeur\"  data-width=\"500\"  data-height=\"625\" ><\/div><div class=\"rbs-img-data-popup\"  data-popup=\"https:\/\/namida-art.com\/wp-content\/uploads\/2023\/11\/PorteCoeur01.jpg\"  title=\"Coeur\" ><\/div><div class=\"thumbnail-overlay\"><div class=\"rbsTitle \">Coeur<\/div><div class=\"rbsIcons\"><i class=\"fa fa-search-plus rbsZoomIcon \" ><\/i><\/div><\/div><\/div><\/div><\/div><\/div><\/div><script>var rbs_gallery_6a069c1b074e7 = {\"version\":\"5.1.0\",\"id\":1952,\"class\":\"id1952\",\"roboGalleryDelay\":1000,\"mainContainer\":\"#robo_gallery_main_block_rbs_gallery_6a069c1b074e7\",\"loadingContainer\":\"#rbs_gallery_6a069c1b074e7-block-loader\",\"loadingContainerObj\":\"rbs_gallery_6a069c1b074e7-block-loader\",\"columnWidth\":\"auto\",\"columns\":3,\"resolutions\":[{\"columnWidth\":\"auto\",\"columns\":3,\"maxWidth\":960},{\"columnWidth\":\"auto\",\"columns\":2,\"maxWidth\":650},{\"columnWidth\":\"auto\",\"columns\":1,\"maxWidth\":450}],\"lightboxOptions\":{\"gallery\":{\"enabled\":true,\"tCounter\":\"%curr% of %total%\"}},\"overlayEffect\":\"direction-aware-fade\",\"boxesToLoadStart\":12,\"boxesToLoad\":8,\"waitUntilThumbLoads\":1,\"LoadingWord\":\"Loading...\",\"loadMoreWord\":\"Load More\",\"noMoreEntriesWord\":\"No More Entries\",\"horizontalSpaceBetweenBoxes\":15,\"verticalSpaceBetweenBoxes\":15,\"lazyLoad\":1,\"wrapContainer\":\"#robo-gallery-wrap-rbs_gallery_6a069c1b074e7\"};<\/script>","protected":false},"excerpt":{"rendered":"<p>jusqu\u2019\u00e0 ce que la mort nous s\u00e9pare A ne pas prendre \u00e0 la l\u00e9g\u00e8re Est-ce des philtre ou des poisons d\u2019amour? A manipuler avec soin\u2026 Quelque soit vos intentions, ces fioles laisseront sur votre c\u0153ur, peut-\u00eatre meurtrie et meurtrier, une douce ambiance t\u00e9n\u00e9breuse. On ignore sur quoi s&#8217;ouvrira cette porte de f\u00e9e&#8230;<\/p>\n","protected":false},"author":1,"featured_media":0,"parent":1778,"menu_order":0,"comment_status":"closed","ping_status":"closed","template":"","meta":{"footnotes":""},"class_list":["post-2077","page","type-page","status-publish","hentry"],"_links":{"self":[{"href":"https:\/\/namida-art.com\/index.php?rest_route=\/wp\/v2\/pages\/2077","targetHints":{"allow":["GET"]}}],"collection":[{"href":"https:\/\/namida-art.com\/index.php?rest_route=\/wp\/v2\/pages"}],"about":[{"href":"https:\/\/namida-art.com\/index.php?rest_route=\/wp\/v2\/types\/page"}],"author":[{"embeddable":true,"href":"https:\/\/namida-art.com\/index.php?rest_route=\/wp\/v2\/users\/1"}],"replies":[{"embeddable":true,"href":"https:\/\/namida-art.com\/index.php?rest_route=%2Fwp%2Fv2%2Fcomments&post=2077"}],"version-history":[{"count":2,"href":"https:\/\/namida-art.com\/index.php?rest_route=\/wp\/v2\/pages\/2077\/revisions"}],"predecessor-version":[{"id":2080,"href":"https:\/\/namida-art.com\/index.php?rest_route=\/wp\/v2\/pages\/2077\/revisions\/2080"}],"up":[{"embeddable":true,"href":"https:\/\/namida-art.com\/index.php?rest_route=\/wp\/v2\/pages\/1778"}],"wp:attachment":[{"href":"https:\/\/namida-art.com\/index.php?rest_route=%2Fwp%2Fv2%2Fmedia&parent=2077"}],"curies":[{"name":"wp","href":"https:\/\/api.w.org\/{rel}","templated":true}]}}